{"id":2375,"date":"2021-02-13T13:12:02","date_gmt":"2021-02-13T12:12:02","guid":{"rendered":"http:\/\/www.foto-gilde.de\/?page_id=2375"},"modified":"2026-03-30T13:02:28","modified_gmt":"2026-03-30T11:02:28","slug":"aktuell","status":"publish","type":"page","link":"http:\/\/www.foto-gilde.de\/","title":{"rendered":"Aktuell"},"content":{"rendered":"\n<div id=\"ez-toc-container\" class=\"ez-toc-v2_0_73 counter-hierarchy ez-toc-counter ez-toc-grey ez-toc-container-direction\">\n<div class=\"ez-toc-title-container\">\n<p class=\"ez-toc-title\" style=\"cursor:inherit\">Inhalt dieser SEite<\/p>\n<span class=\"ez-toc-title-toggle\"><a href=\"#\" class=\"ez-toc-pull-right ez-toc-btn ez-toc-btn-xs ez-toc-btn-default ez-toc-toggle\" aria-label=\"Toggle Table of Content\"><span class=\"ez-toc-js-icon-con\"><span class=\"\"><span class=\"eztoc-hide\" style=\"display:none;\">Toggle<\/span><span class=\"ez-toc-icon-toggle-span\"><svg style=\"fill: #999;color:#999\" xmlns=\"http:\/\/www.w3.org\/2000\/svg\" class=\"list-377408\" width=\"20px\" height=\"20px\" viewBox=\"0 0 24 24\" fill=\"none\"><path d=\"M6 6H4v2h2V6zm14 0H8v2h12V6zM4 11h2v2H4v-2zm16 0H8v2h12v-2zM4 16h2v2H4v-2zm16 0H8v2h12v-2z\" fill=\"currentColor\"><\/path><\/svg><svg style=\"fill: #999;color:#999\" class=\"arrow-unsorted-368013\" xmlns=\"http:\/\/www.w3.org\/2000\/svg\" width=\"10px\" height=\"10px\" viewBox=\"0 0 24 24\" version=\"1.2\" baseProfile=\"tiny\"><path d=\"M18.2 9.3l-6.2-6.3-6.2 6.3c-.2.2-.3.4-.3.7s.1.5.3.7c.2.2.4.3.7.3h11c.3 0 .5-.1.7-.3.2-.2.3-.5.3-.7s-.1-.5-.3-.7zM5.8 14.7l6.2 6.3 6.2-6.3c.2-.2.3-.5.3-.7s-.1-.5-.3-.7c-.2-.2-.4-.3-.7-.3h-11c-.3 0-.5.1-.7.3-.2.2-.3.5-.3.7s.1.5.3.7z\"\/><\/svg><\/span><\/span><\/span><\/a><\/span><\/div>\n<nav><ul class='ez-toc-list ez-toc-list-level-1 ' ><ul class='ez-toc-list-level-3' ><li class='ez-toc-heading-level-3'><ul class='ez-toc-list-level-3' ><li class='ez-toc-heading-level-3'><a class=\"ez-toc-link ez-toc-heading-1\" href=\"http:\/\/www.foto-gilde.de\/#Ausflug_2026\" title=\"Ausflug 2026\">Ausflug 2026<\/a><\/li><\/ul><\/li><\/ul><\/li><li class='ez-toc-page-1 ez-toc-heading-level-1'><a class=\"ez-toc-link ez-toc-heading-2\" href=\"http:\/\/www.foto-gilde.de\/#Ganz_NEU\" title=\"Ganz NEU\">Ganz NEU<\/a><ul class='ez-toc-list-level-4' ><li class='ez-toc-heading-level-4'><ul class='ez-toc-list-level-4' ><li class='ez-toc-heading-level-4'><ul class='ez-toc-list-level-4' ><li class='ez-toc-heading-level-4'><a class=\"ez-toc-link ez-toc-heading-3\" href=\"http:\/\/www.foto-gilde.de\/#zum_Testen_wie_es_ankommt\" title=\"zum Testen wie es ankommt.\">zum Testen wie es ankommt.<\/a><\/li><\/ul><\/li><li class='ez-toc-page-1 ez-toc-heading-level-3'><a class=\"ez-toc-link ez-toc-heading-4\" href=\"http:\/\/www.foto-gilde.de\/#Freitagstermin\" title=\"Freitagstermin:\">Freitagstermin:<\/a><\/li><\/ul><\/li><\/ul><\/li><li class='ez-toc-page-1 ez-toc-heading-level-1'><a class=\"ez-toc-link ez-toc-heading-5\" href=\"http:\/\/www.foto-gilde.de\/#Die_naechsten_Termine_fuer_2026\" title=\"Die n\u00e4chsten Termine f\u00fcr 2026:\">Die n\u00e4chsten Termine f\u00fcr 2026:<\/a><ul class='ez-toc-list-level-5' ><li class='ez-toc-heading-level-5'><ul class='ez-toc-list-level-5' ><li class='ez-toc-heading-level-5'><ul class='ez-toc-list-level-5' ><li class='ez-toc-heading-level-5'><ul class='ez-toc-list-level-5' ><li class='ez-toc-heading-level-5'><a class=\"ez-toc-link ez-toc-heading-6\" href=\"http:\/\/www.foto-gilde.de\/#Datum\" title=\"Datum\">Datum<\/a><\/li><li class='ez-toc-page-1 ez-toc-heading-level-5'><a class=\"ez-toc-link ez-toc-heading-7\" href=\"http:\/\/www.foto-gilde.de\/#Was_wird_geboten\" title=\"Was wird geboten\">Was wird geboten<\/a><\/li><li class='ez-toc-page-1 ez-toc-heading-level-5'><a class=\"ez-toc-link ez-toc-heading-8\" href=\"http:\/\/www.foto-gilde.de\/#Bemerkungen\" title=\"Bemerkungen\">Bemerkungen<\/a><\/li><\/ul><\/li><li class='ez-toc-page-1 ez-toc-heading-level-4'><a class=\"ez-toc-link ez-toc-heading-9\" href=\"http:\/\/www.foto-gilde.de\/#nur_online\" title=\"nur online\">nur online<\/a><\/li><\/ul><\/li><li class='ez-toc-page-1 ez-toc-heading-level-3'><a class=\"ez-toc-link ez-toc-heading-10\" href=\"http:\/\/www.foto-gilde.de\/#i\" title=\"&nbsp;\">&nbsp;<\/a><\/li><\/ul><\/li><\/ul><\/li><\/ul><\/nav><\/div>\n<h3><span class=\"ez-toc-section\" id=\"Ausflug_2026\"><\/span>Ausflug 2026<span class=\"ez-toc-section-end\"><\/span><\/h3>\n<p>wir m\u00f6chten am Dienstag, den 14.07.2026, einen Ausflug ins Schulmuseum nach Friedrichshafen unternhmen.<\/p>\n<p>N\u00e4heres in der Einladung unter unserer neuen Rubrik: <a href=\"http:\/\/www.foto-gilde.de\/?page_id=5735\">Ausflug 2026<\/a><\/p>\n<p><a href=\"http:\/\/www.foto-gilde.de\/wp-content\/uploads\/2026\/03\/Einladung-zum-Ausflug-der-Foto.pdf\">Einladung zum Ausflug der Foto<\/a><\/p>\n<p><img loading=\"lazy\" decoding=\"async\" class=\"alignnone size-full wp-image-5731\" src=\"http:\/\/www.foto-gilde.de\/wp-content\/uploads\/2026\/03\/Schule.jpg\" alt=\"\" width=\"600\" height=\"400\" srcset=\"http:\/\/www.foto-gilde.de\/wp-content\/uploads\/2026\/03\/Schule.jpg 600w, http:\/\/www.foto-gilde.de\/wp-content\/uploads\/2026\/03\/Schule-300x200.jpg 300w\" sizes=\"auto, (max-width: 600px) 100vw, 600px\" \/><\/p>\n<p>\u00a0<\/p>\n\n\n\n<h1><span class=\"ez-toc-section\" id=\"Ganz_NEU\"><\/span><strong><span style=\"background-color: #ff0000;\">Ganz NEU<\/span><\/strong><span class=\"ez-toc-section-end\"><\/span><\/h1>\n<h4><span class=\"ez-toc-section\" id=\"zum_Testen_wie_es_ankommt\"><\/span>zum Testen wie es ankommt.<span class=\"ez-toc-section-end\"><\/span><\/h4>\n<p>Wir haben eine Gilde Zeitungle. (Download)<\/p>\n<p>Es soll monatlich eine kleine Inofozeitung geben \u00fcber das was aktuell gemacht wurde in der Fotogilde, sowie Neuigkeiten \u00fcber Foto und Softwarenews.&nbsp; AnTipps und Tricks soll es auch nicht mangeln.<\/p>\n<p>Nat\u00fcrlich sind wir auch auf eure Mithilfe angewiesen. Sendet flei\u00dfig Beitr\u00e4ge oder Ideen ein, damit unser Zeitungle mit Leben gef\u00fcllt wird.<\/p>\n<p>Keine Beitr\u00e4ge kein Zeitungle.&nbsp;<\/p>\n\n\n\n<h3><span class=\"ez-toc-section\" id=\"Freitagstermin\"><\/span>Freitagstermin:<span class=\"ez-toc-section-end\"><\/span><\/h3>\n<p><a href=\"http:\/\/www.foto-gilde.de\/wp-content\/uploads\/2026\/03\/Fototreff-Flyer-1.pdf\">Fototreff Flyer<\/a><\/p>\n<p><strong>Foto Gilde Schramberg bietet zus\u00e4tzlichen Termin f\u00fcr Jugendliche,&nbsp; junge Erwachsene und alle Interessierten an.<\/strong><\/p>\n<p>Die Foto Gilde Schramberg erweitert ihr Angebot: Ab sofort gibt es<\/p>\n<p>einen zus\u00e4tzlichen Termin speziell f\u00fcr Jugendliche und junge Erwachsene. Das neue Treffen findet regelm\u00e4\u00dfig ab 08.05.2026, freitags um 14:30 Uhr, in den Vereinsr\u00e4umen, Tiersteinstr. 22, 78713 Schramberg,&nbsp; statt und richtet sich an alle fotobegeisterten Nachwuchstalente aus Schramberg und Umgebung.<\/p>\n<p>Mit diesem zus\u00e4tzlichen Termin m\u00f6chte die Foto Gilde gezielt junge Menschen ansprechen, die Interesse an Fotografie haben \u2013 ganz gleich, ob sie erste Erfahrungen sammeln oder ihre Kenntnisse vertiefen m\u00f6chten. Im Mittelpunkt stehen praxisnahe \u00dcbungen, kreative Bildideen, der sichere Umgang mit der Kamera sowie der Austausch unter Gleichgesinnten.<img loading=\"lazy\" decoding=\"async\" class=\"alignnone size-large wp-image-5623\" src=\"http:\/\/www.foto-gilde.de\/wp-content\/uploads\/2026\/03\/Teenies-1024x1024.jpg\" alt=\"\" width=\"474\" height=\"474\" srcset=\"http:\/\/www.foto-gilde.de\/wp-content\/uploads\/2026\/03\/Teenies-1024x1024.jpg 1024w, http:\/\/www.foto-gilde.de\/wp-content\/uploads\/2026\/03\/Teenies-300x300.jpg 300w, http:\/\/www.foto-gilde.de\/wp-content\/uploads\/2026\/03\/Teenies-150x150.jpg 150w, http:\/\/www.foto-gilde.de\/wp-content\/uploads\/2026\/03\/Teenies-768x768.jpg 768w, http:\/\/www.foto-gilde.de\/wp-content\/uploads\/2026\/03\/Teenies-1536x1536.jpg 1536w, http:\/\/www.foto-gilde.de\/wp-content\/uploads\/2026\/03\/Teenies-2048x2048.jpg 2048w, http:\/\/www.foto-gilde.de\/wp-content\/uploads\/2026\/03\/Teenies-60x60.jpg 60w\" sizes=\"auto, (max-width: 474px) 100vw, 474px\" \/><\/p>\n<p>\u201eUns ist es wichtig, jungen Menschen einen Raum zu bieten, in dem sie ihre Kreativit\u00e4t entfalten und ihre fotografischen F\u00e4higkeiten weiterentwickeln k\u00f6nnen\u201c, so ein Sprecher der Foto Gilde. Neben technischen Grundlagen wie Belichtung, Bildaufbau und Perspektive sollen auch gemeinsame Fotoprojekte und Exkursionen Teil des Programms sein.<\/p>\n<p>Die Teilnahme ist sowohl f\u00fcr Einsteigerinnen und Einsteiger als auch f\u00fcr Fortgeschrittene geeignet. Eine eigene Kamera ist von Vorteil, jedoch nicht zwingend erforderlich.<\/p>\n<p>Interessierte Jugendliche und junge Erwachsene k\u00f6nnen sich direkt bei der Foto Gilde Schramberg, <a href=\"mailto:Vorstand@foto-gilde.de\">Vorstand@foto-gilde.de<\/a> informieren und anmelden. Die Gruppe freut sich \u00fcber viele neue Gesichter und kreative Ideen.<\/p>\n\n\n\n<h1><span class=\"ez-toc-section\" id=\"Die_naechsten_Termine_fuer_2026\"><\/span><span style=\"background-color: #ff0000;\"><strong>Die n\u00e4chsten Termine f\u00fcr 2026:<\/strong><\/span><span class=\"ez-toc-section-end\"><\/span><\/h1>\n\n\n\n<table style=\"border-collapse: collapse; width: 125.397%; height: 394px;\">\n<tbody>\n<tr style=\"height: 18px;\">\n<td style=\"width: 13.7658%; height: 10px;\">\n<h5><span class=\"ez-toc-section\" id=\"Datum\"><\/span>Datum<span class=\"ez-toc-section-end\"><\/span><\/h5>\n<\/td>\n<td style=\"width: 32.1203%; height: 10px;\">\n<h5><span class=\"ez-toc-section\" id=\"Was_wird_geboten\"><\/span>Was wird geboten<span class=\"ez-toc-section-end\"><\/span><\/h5>\n<\/td>\n<td style=\"width: 29.1139%; height: 10px;\">\n<h5><span class=\"ez-toc-section\" id=\"Bemerkungen\"><\/span>Bemerkungen<span class=\"ez-toc-section-end\"><\/span><\/h5>\n<\/td>\n<td style=\"width: 50.3968%; height: 10px;\">\u00a0<\/td>\n<\/tr>\n<tr style=\"height: 49px;\">\n<td style=\"width: 13.7658%; height: 35px;\">\u00a0<\/td>\n<td style=\"width: 32.1203%; height: 35px;\">\u00a0<\/td>\n<td style=\"width: 29.1139%; height: 35px;\">\u00a0<\/td>\n<td style=\"width: 50.3968%; height: 35px;\">\u00a0<\/td>\n<\/tr>\n<tr style=\"height: 74px;\">\n<td style=\"width: 13.7658%; height: 74px;\">\u00a0<\/td>\n<td style=\"width: 32.1203%; height: 74px;\">\u00a0<\/td>\n<td style=\"width: 29.1139%; height: 74px;\">\u00a0<\/td>\n<td style=\"width: 50.3968%; height: 74px;\">\u00a0<\/td>\n<\/tr>\n<tr style=\"height: 49px;\">\n<td style=\"width: 13.7658%; height: 49px;\">01.04.2026<\/td>\n<td style=\"width: 32.1203%; height: 49px;\">\n<p>Scherzbilder<\/p>\n<\/td>\n<td style=\"width: 29.1139%; height: 49px;\">\u00a0<\/td>\n<td style=\"width: 50.3968%; height: 49px;\">jeder bringt Scherzbilder mit. Wenn m\u00f6glich mit Erkl\u00e4rung wie sie gemacht wurden.<\/td>\n<\/tr>\n<tr style=\"height: 54px;\">\n<td style=\"width: 13.7658%; height: 54px;\">\n<p>15.04.2026<\/p>\n<\/td>\n<td style=\"width: 32.1203%; height: 54px;\">\n<p>Vorbereiten BSW<\/p>\n<\/td>\n<td style=\"width: 29.1139%; height: 54px;\">\u00a0<\/td>\n<td style=\"width: 50.3968%; height: 54px;\">Treffpunkt in VS absprechen und wer f\u00e4hrt mit wem.<\/td>\n<\/tr>\n<tr style=\"height: 98px;\">\n<td style=\"width: 13.7658%; height: 98px;\">\n<p>22.04.2026<\/p>\n<p>17:00h<\/p>\n<\/td>\n<td style=\"width: 32.1203%; height: 98px;\">\n<p>Treffen bei der BSW Vill.-Schwenningen<\/p>\n<\/td>\n<td style=\"width: 29.1139%; height: 98px;\">Alle die mit wollen<\/td>\n<td style=\"width: 50.3968%; height: 98px;\">Treffpunkt in Villingen, kleine Fototour.\u00a0 18 Uhr in Villingen.<\/td>\n<\/tr>\n<tr style=\"height: 74px;\">\n<td style=\"width: 13.7658%; height: 74px;\">\n<p><strong>30.04.2026<\/strong><\/p>\n<\/td>\n<td style=\"width: 32.1203%; height: 74px;\">\n<p>Abgabetermin &#8222;Wettbewerb Sehnsuchtsorte.&#8220;<\/p>\n<\/td>\n<td style=\"width: 29.1139%; height: 74px;\">\n<h4><span class=\"ez-toc-section\" id=\"nur_online\"><\/span>nur online<span class=\"ez-toc-section-end\"><\/span><\/h4>\n<\/td>\n<td style=\"width: 50.3968%; height: 74px;\">\u00a0<\/td>\n<\/tr>\n<\/tbody>\n<\/table>\n\n\n\n<p class=\"has-dark-gray-color has-text-color has-link-color has-large-font-size wp-elements-e83d77c0fd320a6116874ec72d41ba54\"><\/p>\n\n\n\n\n\n\n\n<p>&nbsp;<\/p>\n\n\n\n<h3 class=\"wp-block-heading\"><span class=\"ez-toc-section\" id=\"i\"><\/span>&nbsp;<span class=\"ez-toc-section-end\"><\/span><\/h3>\n\n\n\n\n\n\n\n\n\n\n","protected":false},"excerpt":{"rendered":"<p>Ausflug 2026 wir m\u00f6chten am Dienstag, den 14.07.2026, einen Ausflug ins Schulmuseum nach Friedrichshafen unternhmen. N\u00e4heres in der Einladung unter unserer neuen Rubrik: Ausflug 2026 Einladung zum Ausflug der Foto \u00a0 Ganz NEU zum Testen wie es ankommt. Wir haben eine Gilde Zeitungle. (Download) Es soll monatlich eine kleine Inofozeitung geben \u00fcber das was aktuell &hellip; <a href=\"http:\/\/www.foto-gilde.de\/\" class=\"more-link\"><span class=\"screen-reader-text\">Aktuell<\/span> weiterlesen <span class=\"meta-nav\">&rarr;<\/span><\/a><\/p>\n","protected":false},"author":2,"featured_media":0,"parent":0,"menu_order":0,"comment_status":"closed","ping_status":"closed","template":"page-templates\/full-width.php","meta":{"footnotes":""},"class_list":["post-2375","page","type-page","status-publish","hentry"],"_links":{"self":[{"href":"http:\/\/www.foto-gilde.de\/index.php?rest_route=\/wp\/v2\/pages\/2375","targetHints":{"allow":["GET"]}}],"collection":[{"href":"http:\/\/www.foto-gilde.de\/index.php?rest_route=\/wp\/v2\/pages"}],"about":[{"href":"http:\/\/www.foto-gilde.de\/index.php?rest_route=\/wp\/v2\/types\/page"}],"author":[{"embeddable":true,"href":"http:\/\/www.foto-gilde.de\/index.php?rest_route=\/wp\/v2\/users\/2"}],"replies":[{"embeddable":true,"href":"http:\/\/www.foto-gilde.de\/index.php?rest_route=%2Fwp%2Fv2%2Fcomments&post=2375"}],"version-history":[{"count":391,"href":"http:\/\/www.foto-gilde.de\/index.php?rest_route=\/wp\/v2\/pages\/2375\/revisions"}],"predecessor-version":[{"id":5748,"href":"http:\/\/www.foto-gilde.de\/index.php?rest_route=\/wp\/v2\/pages\/2375\/revisions\/5748"}],"wp:attachment":[{"href":"http:\/\/www.foto-gilde.de\/index.php?rest_route=%2Fwp%2Fv2%2Fmedia&parent=2375"}],"curies":[{"name":"wp","href":"https:\/\/api.w.org\/{rel}","templated":true}]}}